{"id":64,"date":"2017-02-22T18:30:34","date_gmt":"2017-02-22T17:30:34","guid":{"rendered":"http:\/\/art4real.de\/a4r_shop\/versandarten\/"},"modified":"2020-03-30T11:26:33","modified_gmt":"2020-03-30T09:26:33","slug":"versandarten","status":"publish","type":"page","link":"https:\/\/art4real.de\/a4r_shop\/versandarten\/","title":{"rendered":"Versandarten &#038; -kosten"},"content":{"rendered":"<p><strong>1 VERSAND &amp; LIEFERZEITEN (Deutschland)<\/strong><\/p>\n<p>1 a. Versandarten<br \/>\nDie Lieferung erfolgt auf dem Postweg (Deutsche Post oder Hermes).<\/p>\n<p>1 b. Mindestbestellwert<br \/>\nEs gibt keinen Mindestbestellwert.<\/p>\n<p>1 c. Kosten<br \/>\nDIE GRUNDPORTOKOSTEN belaufen sich auf 2,50\u20ac.<br \/>\nF\u00fcr Vinyl-Bestellungen werden 2,50 \u20ac Extrageb\u00fchren f\u00e4llig.\u00a0 Also insgesamt 5 \u20ac.<br \/>\nF\u00fcr Textil-Bestellungen werden 1,50 \u20ac Extrageb\u00fchren f\u00e4llig. Also insgesamt 4 \u20ac.<br \/>\nJe nach Bestellmenge k\u00f6nnen sich die Portokosten erh\u00f6hen.<br \/>\nBei herunterladbaren Bestellungen fallen keine Versandkosten an.<\/p>\n<p>Bei Bestellungen aus <strong>Deutschland<\/strong> k\u00f6nnen<strong> ab 75 \u20ac die Versandkosten<\/strong> abgew\u00e4hlt werden. Hierzu m\u00fcsst ihr im Warenkorb den Button &#8222;keine Versandkosten&#8220; ausw\u00e4hlen.<\/p>\n<p>1 d. Lieferzeiten<br \/>\nIn der Regel sind die Waren innerhalb von 1-4 Werktagen bei euch. Lieferprobleme der Deutschen Post, die zu Verz\u00f6gerungen f\u00fchren stehen nicht unter dem Einfluss von Art 4 Real.<\/p>\n<p><strong>2 AUSLANDSVERSAND (EU-L\u00e4nder )<\/strong><\/p>\n<p>!!! WICHTIG f\u00fcr Bestellungen aus dem Ausland !!!<br \/>\nBestellungen aus dem Ausland k\u00f6nnen nicht per Nachnahme erfolgen.<br \/>\nAlso: AUSSCHLIE\u00dfLICH PER VORKASSE ODER PAYPAL BEI BESTELLUNGEN AUS DEM AUSLAND!!!<\/p>\n<p>2 a. Ausland: Mindestbestellwert<br \/>\nkein Mindestbestellwert<\/p>\n<p>2 b. Ausland: Versandkosten<br \/>\nDIE GRUNDPORTOKOSTEN f\u00fcr Lieferungen in das EU-Ausland belaufen sich auf 4,50\u20ac.<br \/>\nF\u00fcr Vinyl-Bestellungen werden 4,50 \u20ac Extrageb\u00fchren f\u00e4llig.\u00a0 Also insgesamt 9 \u20ac.<br \/>\nF\u00fcr Textil-Bestellungen werden 4,50 \u20ac Extrageb\u00fchren f\u00e4llig. Also insgesamt 9 \u20ac.<br \/>\nJe nach Bestellmenge k\u00f6nnen sich die Portokosten erh\u00f6hen.<br \/>\nBei herunterladbaren Bestellungen fallen keine Versandkosten an.<\/p>\n<p>Bei Bestellungen aus <strong>Europa<\/strong> werden <strong>ab 100 \u20ac werden keine Versandkosten<\/strong> berechnet.<\/p>\n<p><strong>3 AUSLANDSVERSAND (Nicht- EU-L\u00e4nder )<\/strong><\/p>\n<p>!!! WICHTIG f\u00fcr Bestellungen aus dem Ausland !!!<br \/>\nBestellungen aus dem Ausland k\u00f6nnen nicht per Nachnahme erfolgen.<br \/>\nAlso: AUSSCHLIE\u00dfLICH PER VORKASSE ODER PAYPAL BEI BESTELLUNGEN AUS DEM AUSLAND!!!<\/p>\n<p>2 a. Ausland: Mindestbestellwert<br \/>\nkein Mindestbestellwert<\/p>\n<p>2 b. Ausland: Versandkosten<br \/>\nDIE GRUNDPORTOKOSTEN f\u00fcr Lieferungen in das EU-Ausland belaufen sich auf 9 \u20ac.<br \/>\nF\u00fcr Vinyl-Bestellungen werden 4,50 \u20ac Extrageb\u00fchren f\u00e4llig.\u00a0 Also insgesamt 13,50 \u20ac.<br \/>\nF\u00fcr Textil-Bestellungen werden 4,50 \u20ac Extrageb\u00fchren f\u00e4llig. Also insgesamt 13,50 \u20ac.<br \/>\nJe nach Bestellmenge k\u00f6nnen sich die Portokosten erh\u00f6hen.<br \/>\nBei herunterladbaren Bestellungen fallen keine Versandkosten an.<\/p>\n<p>Bei Bestellungen aus <strong>Europa<\/strong> werden <strong>ab 100 \u20ac werden keine Versandkosten<\/strong> berechnet.<\/p>\n","protected":false},"excerpt":{"rendered":"<p>1 VERSAND &amp; LIEFERZEITEN (Deutschland) 1 a. Versandarten Die Lieferung erfolgt auf dem Postweg (Deutsche Post oder Hermes). 1 b. Mindestbestellwert Es gibt keinen Mindestbestellwert. 1 c. Kosten DIE GRUNDPORTOKOSTEN belaufen sich auf 2,50\u20ac. F\u00fcr Vinyl-Bestellungen werden 2,50 \u20ac Extrageb\u00fchren f\u00e4llig.\u00a0 Also insgesamt 5 \u20ac. F\u00fcr Textil-Bestellungen werden 1,50 \u20ac Extrageb\u00fchren f\u00e4llig. Also insgesamt 4 [&hellip;]<\/p>\n","protected":false},"author":1,"featured_media":0,"parent":0,"menu_order":0,"comment_status":"closed","ping_status":"closed","template":"","meta":{"footnotes":""},"class_list":["post-64","page","type-page","status-publish","hentry"],"yoast_head":"<!-- This site is optimized with the Yoast SEO plugin v27.5 - https:\/\/yoast.com\/product\/yoast-seo-wordpress\/ -->\n<title>Versandarten &amp; -kosten - Art 4 Real Online Shop<\/title>\n<meta name=\"robots\" content=\"index, follow, max-snippet:-1, max-image-preview:large, max-video-preview:-1\" \/>\n<link rel=\"canonical\" href=\"https:\/\/art4real.de\/a4r_shop\/versandarten\/\" \/>\n<meta property=\"og:locale\" content=\"de_DE\" \/>\n<meta property=\"og:type\" content=\"article\" \/>\n<meta property=\"og:title\" content=\"Versandarten &amp; -kosten - Art 4 Real Online Shop\" \/>\n<meta property=\"og:description\" content=\"1 VERSAND &amp; LIEFERZEITEN (Deutschland) 1 a. Versandarten Die Lieferung erfolgt auf dem Postweg (Deutsche Post oder Hermes). 1 b. Mindestbestellwert Es gibt keinen Mindestbestellwert. 1 c. Kosten DIE GRUNDPORTOKOSTEN belaufen sich auf 2,50\u20ac. F\u00fcr Vinyl-Bestellungen werden 2,50 \u20ac Extrageb\u00fchren f\u00e4llig.\u00a0 Also insgesamt 5 \u20ac. F\u00fcr Textil-Bestellungen werden 1,50 \u20ac Extrageb\u00fchren f\u00e4llig. Also insgesamt 4 [&hellip;]\" \/>\n<meta property=\"og:url\" content=\"https:\/\/art4real.de\/a4r_shop\/versandarten\/\" \/>\n<meta property=\"og:site_name\" content=\"Art 4 Real Online Shop\" \/>\n<meta property=\"article:publisher\" content=\"https:\/\/www.facebook.com\/Art4Real\/\" \/>\n<meta property=\"article:modified_time\" content=\"2020-03-30T09:26:33+00:00\" \/>\n<meta name=\"twitter:card\" content=\"summary_large_image\" \/>\n<meta name=\"twitter:site\" content=\"@Art4Real_GER\" \/>\n<meta name=\"twitter:label1\" content=\"Gesch\u00e4tzte Lesezeit\" \/>\n\t<meta name=\"twitter:data1\" content=\"2\u00a0Minuten\" \/>\n<script type=\"application\/ld+json\" class=\"yoast-schema-graph\">{\"@context\":\"https:\\\/\\\/schema.org\",\"@graph\":[{\"@type\":\"WebPage\",\"@id\":\"https:\\\/\\\/art4real.de\\\/a4r_shop\\\/versandarten\\\/\",\"url\":\"https:\\\/\\\/art4real.de\\\/a4r_shop\\\/versandarten\\\/\",\"name\":\"Versandarten & -kosten - Art 4 Real Online Shop\",\"isPartOf\":{\"@id\":\"https:\\\/\\\/art4real.de\\\/a4r_shop\\\/#website\"},\"datePublished\":\"2017-02-22T17:30:34+00:00\",\"dateModified\":\"2020-03-30T09:26:33+00:00\",\"breadcrumb\":{\"@id\":\"https:\\\/\\\/art4real.de\\\/a4r_shop\\\/versandarten\\\/#breadcrumb\"},\"inLanguage\":\"de\",\"potentialAction\":[{\"@type\":\"ReadAction\",\"target\":[\"https:\\\/\\\/art4real.de\\\/a4r_shop\\\/versandarten\\\/\"]}]},{\"@type\":\"BreadcrumbList\",\"@id\":\"https:\\\/\\\/art4real.de\\\/a4r_shop\\\/versandarten\\\/#breadcrumb\",\"itemListElement\":[{\"@type\":\"ListItem\",\"position\":1,\"name\":\"Startseite\",\"item\":\"https:\\\/\\\/art4real.de\\\/a4r_shop\\\/\"},{\"@type\":\"ListItem\",\"position\":2,\"name\":\"Versandarten &#038; -kosten\"}]},{\"@type\":\"WebSite\",\"@id\":\"https:\\\/\\\/art4real.de\\\/a4r_shop\\\/#website\",\"url\":\"https:\\\/\\\/art4real.de\\\/a4r_shop\\\/\",\"name\":\"Art 4 Real Online Shop\",\"description\":\"CDs, Vinyl, Tapes, DVDs &amp; Kleidung\",\"publisher\":{\"@id\":\"https:\\\/\\\/art4real.de\\\/a4r_shop\\\/#organization\"},\"potentialAction\":[{\"@type\":\"SearchAction\",\"target\":{\"@type\":\"EntryPoint\",\"urlTemplate\":\"https:\\\/\\\/art4real.de\\\/a4r_shop\\\/?s={search_term_string}\"},\"query-input\":{\"@type\":\"PropertyValueSpecification\",\"valueRequired\":true,\"valueName\":\"search_term_string\"}}],\"inLanguage\":\"de\"},{\"@type\":\"Organization\",\"@id\":\"https:\\\/\\\/art4real.de\\\/a4r_shop\\\/#organization\",\"name\":\"Art 4 Real\",\"url\":\"https:\\\/\\\/art4real.de\\\/a4r_shop\\\/\",\"logo\":{\"@type\":\"ImageObject\",\"inLanguage\":\"de\",\"@id\":\"https:\\\/\\\/art4real.de\\\/a4r_shop\\\/#\\\/schema\\\/logo\\\/image\\\/\",\"url\":\"http:\\\/\\\/art4real.de\\\/a4r_shop\\\/wp-content\\\/uploads\\\/2017\\\/02\\\/cropped-a4r_logo1.png\",\"contentUrl\":\"http:\\\/\\\/art4real.de\\\/a4r_shop\\\/wp-content\\\/uploads\\\/2017\\\/02\\\/cropped-a4r_logo1.png\",\"width\":69,\"height\":110,\"caption\":\"Art 4 Real\"},\"image\":{\"@id\":\"https:\\\/\\\/art4real.de\\\/a4r_shop\\\/#\\\/schema\\\/logo\\\/image\\\/\"},\"sameAs\":[\"https:\\\/\\\/www.facebook.com\\\/Art4Real\\\/\",\"https:\\\/\\\/x.com\\\/Art4Real_GER\",\"https:\\\/\\\/www.instagram.com\\\/madcap_art4real\\\/\",\"https:\\\/\\\/www.youtube.com\\\/user\\\/ART4REALgermany\"]}]}<\/script>\n<!-- \/ Yoast SEO plugin. -->","yoast_head_json":{"title":"Versandarten & -kosten - Art 4 Real Online Shop","robots":{"index":"index","follow":"follow","max-snippet":"max-snippet:-1","max-image-preview":"max-image-preview:large","max-video-preview":"max-video-preview:-1"},"canonical":"https:\/\/art4real.de\/a4r_shop\/versandarten\/","og_locale":"de_DE","og_type":"article","og_title":"Versandarten & -kosten - Art 4 Real Online Shop","og_description":"1 VERSAND &amp; LIEFERZEITEN (Deutschland) 1 a. Versandarten Die Lieferung erfolgt auf dem Postweg (Deutsche Post oder Hermes). 1 b. Mindestbestellwert Es gibt keinen Mindestbestellwert. 1 c. Kosten DIE GRUNDPORTOKOSTEN belaufen sich auf 2,50\u20ac. F\u00fcr Vinyl-Bestellungen werden 2,50 \u20ac Extrageb\u00fchren f\u00e4llig.\u00a0 Also insgesamt 5 \u20ac. F\u00fcr Textil-Bestellungen werden 1,50 \u20ac Extrageb\u00fchren f\u00e4llig. Also insgesamt 4 [&hellip;]","og_url":"https:\/\/art4real.de\/a4r_shop\/versandarten\/","og_site_name":"Art 4 Real Online Shop","article_publisher":"https:\/\/www.facebook.com\/Art4Real\/","article_modified_time":"2020-03-30T09:26:33+00:00","twitter_card":"summary_large_image","twitter_site":"@Art4Real_GER","twitter_misc":{"Gesch\u00e4tzte Lesezeit":"2\u00a0Minuten"},"schema":{"@context":"https:\/\/schema.org","@graph":[{"@type":"WebPage","@id":"https:\/\/art4real.de\/a4r_shop\/versandarten\/","url":"https:\/\/art4real.de\/a4r_shop\/versandarten\/","name":"Versandarten & -kosten - Art 4 Real Online Shop","isPartOf":{"@id":"https:\/\/art4real.de\/a4r_shop\/#website"},"datePublished":"2017-02-22T17:30:34+00:00","dateModified":"2020-03-30T09:26:33+00:00","breadcrumb":{"@id":"https:\/\/art4real.de\/a4r_shop\/versandarten\/#breadcrumb"},"inLanguage":"de","potentialAction":[{"@type":"ReadAction","target":["https:\/\/art4real.de\/a4r_shop\/versandarten\/"]}]},{"@type":"BreadcrumbList","@id":"https:\/\/art4real.de\/a4r_shop\/versandarten\/#breadcrumb","itemListElement":[{"@type":"ListItem","position":1,"name":"Startseite","item":"https:\/\/art4real.de\/a4r_shop\/"},{"@type":"ListItem","position":2,"name":"Versandarten &#038; -kosten"}]},{"@type":"WebSite","@id":"https:\/\/art4real.de\/a4r_shop\/#website","url":"https:\/\/art4real.de\/a4r_shop\/","name":"Art 4 Real Online Shop","description":"CDs, Vinyl, Tapes, DVDs &amp; Kleidung","publisher":{"@id":"https:\/\/art4real.de\/a4r_shop\/#organization"},"potentialAction":[{"@type":"SearchAction","target":{"@type":"EntryPoint","urlTemplate":"https:\/\/art4real.de\/a4r_shop\/?s={search_term_string}"},"query-input":{"@type":"PropertyValueSpecification","valueRequired":true,"valueName":"search_term_string"}}],"inLanguage":"de"},{"@type":"Organization","@id":"https:\/\/art4real.de\/a4r_shop\/#organization","name":"Art 4 Real","url":"https:\/\/art4real.de\/a4r_shop\/","logo":{"@type":"ImageObject","inLanguage":"de","@id":"https:\/\/art4real.de\/a4r_shop\/#\/schema\/logo\/image\/","url":"http:\/\/art4real.de\/a4r_shop\/wp-content\/uploads\/2017\/02\/cropped-a4r_logo1.png","contentUrl":"http:\/\/art4real.de\/a4r_shop\/wp-content\/uploads\/2017\/02\/cropped-a4r_logo1.png","width":69,"height":110,"caption":"Art 4 Real"},"image":{"@id":"https:\/\/art4real.de\/a4r_shop\/#\/schema\/logo\/image\/"},"sameAs":["https:\/\/www.facebook.com\/Art4Real\/","https:\/\/x.com\/Art4Real_GER","https:\/\/www.instagram.com\/madcap_art4real\/","https:\/\/www.youtube.com\/user\/ART4REALgermany"]}]}},"_links":{"self":[{"href":"https:\/\/art4real.de\/a4r_shop\/wp-json\/wp\/v2\/pages\/64","targetHints":{"allow":["GET"]}}],"collection":[{"href":"https:\/\/art4real.de\/a4r_shop\/wp-json\/wp\/v2\/pages"}],"about":[{"href":"https:\/\/art4real.de\/a4r_shop\/wp-json\/wp\/v2\/types\/page"}],"author":[{"embeddable":true,"href":"https:\/\/art4real.de\/a4r_shop\/wp-json\/wp\/v2\/users\/1"}],"replies":[{"embeddable":true,"href":"https:\/\/art4real.de\/a4r_shop\/wp-json\/wp\/v2\/comments?post=64"}],"version-history":[{"count":18,"href":"https:\/\/art4real.de\/a4r_shop\/wp-json\/wp\/v2\/pages\/64\/revisions"}],"predecessor-version":[{"id":931,"href":"https:\/\/art4real.de\/a4r_shop\/wp-json\/wp\/v2\/pages\/64\/revisions\/931"}],"wp:attachment":[{"href":"https:\/\/art4real.de\/a4r_shop\/wp-json\/wp\/v2\/media?parent=64"}],"curies":[{"name":"wp","href":"https:\/\/api.w.org\/{rel}","templated":true}]}}