{"id":7,"date":"2017-02-19T19:55:39","date_gmt":"2017-02-19T18:55:39","guid":{"rendered":"http:\/\/art4real.de\/a4r_shop\/shop\/"},"modified":"2022-12-30T18:13:48","modified_gmt":"2022-12-30T17:13:48","slug":"shop","status":"publish","type":"page","link":"https:\/\/art4real.de\/a4r_shop\/","title":{"rendered":"Shop"},"content":{"rendered":"<p><strong>Herzlich Willkommen im ehemaligen Art 4 Real Online Shop. Bestellungen sind nicht mehr m\u00f6glich.<br \/>\n<\/strong>Ab dem 31.12.2022 ist der Online Shop offline. Musik, die von Herzen kommt auf Vinyl, CD, Tape oder als MP3 sowie andere\u00a0 Artikel k\u00f6nnt ihr direkt \u00fcber die K\u00fcnstler bekommen oder \u00fcber die \u00fcblichen Streamingdienste h\u00f6ren.<\/p>\n","protected":false},"excerpt":{"rendered":"<p>Herzlich Willkommen im ehemaligen Art 4 Real Online Shop. Bestellungen sind nicht mehr m\u00f6glich. Ab dem 31.12.2022 ist der Online Shop offline. Musik, die von Herzen kommt auf Vinyl, CD, Tape oder als MP3 sowie andere\u00a0 Artikel k\u00f6nnt ihr direkt \u00fcber die K\u00fcnstler bekommen oder \u00fcber die \u00fcblichen Streamingdienste h\u00f6ren.<\/p>\n","protected":false},"author":1,"featured_media":0,"parent":0,"menu_order":0,"comment_status":"closed","ping_status":"closed","template":"","meta":{"footnotes":""},"class_list":["post-7","page","type-page","status-publish","hentry"],"yoast_head":"<!-- This site is optimized with the Yoast SEO plugin v27.5 - https:\/\/yoast.com\/product\/yoast-seo-wordpress\/ -->\n<title>Seiten Archiv - Art 4 Real Online Shop<\/title>\n<meta name=\"robots\" content=\"index, follow, max-snippet:-1, max-image-preview:large, max-video-preview:-1\" \/>\n<link rel=\"canonical\" href=\"https:\/\/art4real.de\/a4r_shop\/\" \/>\n<meta property=\"og:locale\" content=\"de_DE\" \/>\n<meta property=\"og:type\" content=\"article\" \/>\n<meta property=\"og:title\" content=\"Seiten Archiv - Art 4 Real Online Shop\" \/>\n<meta property=\"og:description\" content=\"Herzlich Willkommen im ehemaligen Art 4 Real Online Shop. Bestellungen sind nicht mehr m\u00f6glich. Ab dem 31.12.2022 ist der Online Shop offline. Musik, die von Herzen kommt auf Vinyl, CD, Tape oder als MP3 sowie andere\u00a0 Artikel k\u00f6nnt ihr direkt \u00fcber die K\u00fcnstler bekommen oder \u00fcber die \u00fcblichen Streamingdienste h\u00f6ren.\" \/>\n<meta property=\"og:url\" content=\"https:\/\/art4real.de\/a4r_shop\/\" \/>\n<meta property=\"og:site_name\" content=\"Art 4 Real Online Shop\" \/>\n<meta property=\"article:publisher\" content=\"https:\/\/www.facebook.com\/Art4Real\/\" \/>\n<meta property=\"article:modified_time\" content=\"2022-12-30T17:13:48+00:00\" \/>\n<meta name=\"twitter:card\" content=\"summary_large_image\" \/>\n<meta name=\"twitter:site\" content=\"@Art4Real_GER\" \/>\n<meta name=\"twitter:label1\" content=\"Gesch\u00e4tzte Lesezeit\" \/>\n\t<meta name=\"twitter:data1\" content=\"1\u00a0Minute\" \/>\n<script type=\"application\/ld+json\" class=\"yoast-schema-graph\">{\"@context\":\"https:\\\/\\\/schema.org\",\"@graph\":[{\"@type\":\"WebPage\",\"@id\":\"https:\\\/\\\/art4real.de\\\/a4r_shop\\\/\",\"url\":\"https:\\\/\\\/art4real.de\\\/a4r_shop\\\/\",\"name\":\"Seiten Archiv - Art 4 Real Online Shop\",\"isPartOf\":{\"@id\":\"https:\\\/\\\/art4real.de\\\/a4r_shop\\\/#website\"},\"datePublished\":\"2017-02-19T18:55:39+00:00\",\"dateModified\":\"2022-12-30T17:13:48+00:00\",\"breadcrumb\":{\"@id\":\"https:\\\/\\\/art4real.de\\\/a4r_shop\\\/#breadcrumb\"},\"inLanguage\":\"de\",\"potentialAction\":[{\"@type\":\"ReadAction\",\"target\":[\"https:\\\/\\\/art4real.de\\\/a4r_shop\\\/\"]}]},{\"@type\":\"BreadcrumbList\",\"@id\":\"https:\\\/\\\/art4real.de\\\/a4r_shop\\\/#breadcrumb\",\"itemListElement\":[{\"@type\":\"ListItem\",\"position\":1,\"name\":\"Startseite\",\"item\":\"https:\\\/\\\/art4real.de\\\/a4r_shop\\\/\"},{\"@type\":\"ListItem\",\"position\":2,\"name\":\"Shop\"}]},{\"@type\":\"WebSite\",\"@id\":\"https:\\\/\\\/art4real.de\\\/a4r_shop\\\/#website\",\"url\":\"https:\\\/\\\/art4real.de\\\/a4r_shop\\\/\",\"name\":\"Art 4 Real Online Shop\",\"description\":\"CDs, Vinyl, Tapes, DVDs &amp; Kleidung\",\"publisher\":{\"@id\":\"https:\\\/\\\/art4real.de\\\/a4r_shop\\\/#organization\"},\"potentialAction\":[{\"@type\":\"SearchAction\",\"target\":{\"@type\":\"EntryPoint\",\"urlTemplate\":\"https:\\\/\\\/art4real.de\\\/a4r_shop\\\/?s={search_term_string}\"},\"query-input\":{\"@type\":\"PropertyValueSpecification\",\"valueRequired\":true,\"valueName\":\"search_term_string\"}}],\"inLanguage\":\"de\"},{\"@type\":\"Organization\",\"@id\":\"https:\\\/\\\/art4real.de\\\/a4r_shop\\\/#organization\",\"name\":\"Art 4 Real\",\"url\":\"https:\\\/\\\/art4real.de\\\/a4r_shop\\\/\",\"logo\":{\"@type\":\"ImageObject\",\"inLanguage\":\"de\",\"@id\":\"https:\\\/\\\/art4real.de\\\/a4r_shop\\\/#\\\/schema\\\/logo\\\/image\\\/\",\"url\":\"http:\\\/\\\/art4real.de\\\/a4r_shop\\\/wp-content\\\/uploads\\\/2017\\\/02\\\/cropped-a4r_logo1.png\",\"contentUrl\":\"http:\\\/\\\/art4real.de\\\/a4r_shop\\\/wp-content\\\/uploads\\\/2017\\\/02\\\/cropped-a4r_logo1.png\",\"width\":69,\"height\":110,\"caption\":\"Art 4 Real\"},\"image\":{\"@id\":\"https:\\\/\\\/art4real.de\\\/a4r_shop\\\/#\\\/schema\\\/logo\\\/image\\\/\"},\"sameAs\":[\"https:\\\/\\\/www.facebook.com\\\/Art4Real\\\/\",\"https:\\\/\\\/x.com\\\/Art4Real_GER\",\"https:\\\/\\\/www.instagram.com\\\/madcap_art4real\\\/\",\"https:\\\/\\\/www.youtube.com\\\/user\\\/ART4REALgermany\"]}]}<\/script>\n<!-- \/ Yoast SEO plugin. -->","yoast_head_json":{"title":"Seiten Archiv - Art 4 Real Online Shop","robots":{"index":"index","follow":"follow","max-snippet":"max-snippet:-1","max-image-preview":"max-image-preview:large","max-video-preview":"max-video-preview:-1"},"canonical":"https:\/\/art4real.de\/a4r_shop\/","og_locale":"de_DE","og_type":"article","og_title":"Seiten Archiv - Art 4 Real Online Shop","og_description":"Herzlich Willkommen im ehemaligen Art 4 Real Online Shop. Bestellungen sind nicht mehr m\u00f6glich. Ab dem 31.12.2022 ist der Online Shop offline. Musik, die von Herzen kommt auf Vinyl, CD, Tape oder als MP3 sowie andere\u00a0 Artikel k\u00f6nnt ihr direkt \u00fcber die K\u00fcnstler bekommen oder \u00fcber die \u00fcblichen Streamingdienste h\u00f6ren.","og_url":"https:\/\/art4real.de\/a4r_shop\/","og_site_name":"Art 4 Real Online Shop","article_publisher":"https:\/\/www.facebook.com\/Art4Real\/","article_modified_time":"2022-12-30T17:13:48+00:00","twitter_card":"summary_large_image","twitter_site":"@Art4Real_GER","twitter_misc":{"Gesch\u00e4tzte Lesezeit":"1\u00a0Minute"},"schema":{"@context":"https:\/\/schema.org","@graph":[{"@type":"WebPage","@id":"https:\/\/art4real.de\/a4r_shop\/","url":"https:\/\/art4real.de\/a4r_shop\/","name":"Seiten Archiv - Art 4 Real Online Shop","isPartOf":{"@id":"https:\/\/art4real.de\/a4r_shop\/#website"},"datePublished":"2017-02-19T18:55:39+00:00","dateModified":"2022-12-30T17:13:48+00:00","breadcrumb":{"@id":"https:\/\/art4real.de\/a4r_shop\/#breadcrumb"},"inLanguage":"de","potentialAction":[{"@type":"ReadAction","target":["https:\/\/art4real.de\/a4r_shop\/"]}]},{"@type":"BreadcrumbList","@id":"https:\/\/art4real.de\/a4r_shop\/#breadcrumb","itemListElement":[{"@type":"ListItem","position":1,"name":"Startseite","item":"https:\/\/art4real.de\/a4r_shop\/"},{"@type":"ListItem","position":2,"name":"Shop"}]},{"@type":"WebSite","@id":"https:\/\/art4real.de\/a4r_shop\/#website","url":"https:\/\/art4real.de\/a4r_shop\/","name":"Art 4 Real Online Shop","description":"CDs, Vinyl, Tapes, DVDs &amp; Kleidung","publisher":{"@id":"https:\/\/art4real.de\/a4r_shop\/#organization"},"potentialAction":[{"@type":"SearchAction","target":{"@type":"EntryPoint","urlTemplate":"https:\/\/art4real.de\/a4r_shop\/?s={search_term_string}"},"query-input":{"@type":"PropertyValueSpecification","valueRequired":true,"valueName":"search_term_string"}}],"inLanguage":"de"},{"@type":"Organization","@id":"https:\/\/art4real.de\/a4r_shop\/#organization","name":"Art 4 Real","url":"https:\/\/art4real.de\/a4r_shop\/","logo":{"@type":"ImageObject","inLanguage":"de","@id":"https:\/\/art4real.de\/a4r_shop\/#\/schema\/logo\/image\/","url":"http:\/\/art4real.de\/a4r_shop\/wp-content\/uploads\/2017\/02\/cropped-a4r_logo1.png","contentUrl":"http:\/\/art4real.de\/a4r_shop\/wp-content\/uploads\/2017\/02\/cropped-a4r_logo1.png","width":69,"height":110,"caption":"Art 4 Real"},"image":{"@id":"https:\/\/art4real.de\/a4r_shop\/#\/schema\/logo\/image\/"},"sameAs":["https:\/\/www.facebook.com\/Art4Real\/","https:\/\/x.com\/Art4Real_GER","https:\/\/www.instagram.com\/madcap_art4real\/","https:\/\/www.youtube.com\/user\/ART4REALgermany"]}]}},"_links":{"self":[{"href":"https:\/\/art4real.de\/a4r_shop\/wp-json\/wp\/v2\/pages\/7","targetHints":{"allow":["GET"]}}],"collection":[{"href":"https:\/\/art4real.de\/a4r_shop\/wp-json\/wp\/v2\/pages"}],"about":[{"href":"https:\/\/art4real.de\/a4r_shop\/wp-json\/wp\/v2\/types\/page"}],"author":[{"embeddable":true,"href":"https:\/\/art4real.de\/a4r_shop\/wp-json\/wp\/v2\/users\/1"}],"replies":[{"embeddable":true,"href":"https:\/\/art4real.de\/a4r_shop\/wp-json\/wp\/v2\/comments?post=7"}],"version-history":[{"count":40,"href":"https:\/\/art4real.de\/a4r_shop\/wp-json\/wp\/v2\/pages\/7\/revisions"}],"predecessor-version":[{"id":1078,"href":"https:\/\/art4real.de\/a4r_shop\/wp-json\/wp\/v2\/pages\/7\/revisions\/1078"}],"wp:attachment":[{"href":"https:\/\/art4real.de\/a4r_shop\/wp-json\/wp\/v2\/media?parent=7"}],"curies":[{"name":"wp","href":"https:\/\/api.w.org\/{rel}","templated":true}]}}