{"id":1014,"date":"2017-08-17T18:08:07","date_gmt":"2017-08-17T16:08:07","guid":{"rendered":"http:\/\/art4real.de\/wp\/?page_id=1014"},"modified":"2017-08-18T11:17:11","modified_gmt":"2017-08-18T09:17:11","slug":"soultecniques-la-calletera-2017","status":"publish","type":"page","link":"https:\/\/art4real.de\/wp\/label\/releases\/soultecniques-la-calletera-2017\/","title":{"rendered":"Soultecniques &#8211; &#8222;La Calletera&#8220; (2017)"},"content":{"rendered":"<figure id=\"attachment_935\" aria-describedby=\"caption-attachment-935\" style=\"width: 150px\" class=\"wp-caption alignleft\"><a href=\"https:\/\/art4real.de\/wp\/wp-content\/uploads\/2017\/07\/la-carretera-cover-800.jpg\"><img decoding=\"async\" class=\"size-thumbnail wp-image-935\" src=\"https:\/\/art4real.de\/wp\/wp-content\/uploads\/2017\/07\/la-carretera-cover-800-150x150.jpg\" alt=\"\" width=\"150\" height=\"150\" srcset=\"https:\/\/art4real.de\/wp\/wp-content\/uploads\/2017\/07\/la-carretera-cover-800-150x150.jpg 150w, https:\/\/art4real.de\/wp\/wp-content\/uploads\/2017\/07\/la-carretera-cover-800-300x300.jpg 300w, https:\/\/art4real.de\/wp\/wp-content\/uploads\/2017\/07\/la-carretera-cover-800-768x768.jpg 768w, https:\/\/art4real.de\/wp\/wp-content\/uploads\/2017\/07\/la-carretera-cover-800-100x100.jpg 100w, https:\/\/art4real.de\/wp\/wp-content\/uploads\/2017\/07\/la-carretera-cover-800.jpg 800w\" sizes=\"(max-width: 150px) 100vw, 150px\" \/><\/a><figcaption id=\"caption-attachment-935\" class=\"wp-caption-text\">Soultecniques &#8211; &#8222;La Carretera&#8220; (2017)<\/figcaption><\/figure>\n<p><strong>Die Braunschweiger Soultecniques &#8211; DJ Amigo, Bastian Minari &amp; Laocz &#8211; ver\u00f6ffentlichen eine neue Single samt Video. <\/strong><\/p>\n<p>Acht Jahre lie\u00dfen sich die Jungs Zeit, um wieder einen Song zu schreiben. In der Zwischenzeit entwickelte jeder seinen eigenen Klang, studierte verschiedene Musikstile oder experimentierte fernab der \u00d6ffentlichkeit mit den verschiedensten Kl\u00e4ngen und Einfl\u00fcssen. Eines Tages fand Laocz auf dem Sperrm\u00fcll ein Klavier, das nun mehr als 100 Jahre alt ist, schleppte es in seine Wohnung, lie\u00df es stimmen und spielte die Grundlage des Songs\u00a0 \u201eLa Carretera\u201c (Die Stra\u00dfe) ein.<\/p>\n<p>Am Ende sind den Jungs Klicks, Probz und Fame relativ egal, denn bei La Careterra geht es vor allem und eines: Freiheit.<\/p>\n<p><a href=\"http:\/\/www.art4real.de\/a4r_shop\" target=\"_blank\" rel=\"noopener\">&gt;&gt;&gt; Song und Instrumental als MP3 bestellen &lt;&lt;&lt;<\/a><\/p>\n<hr \/>\n<p><iframe width=\"910\" height=\"512\" src=\"https:\/\/www.youtube.com\/embed\/b9rujBhZvfk?feature=oembed\" frameborder=\"0\" allow=\"autoplay; encrypted-media\" allowfullscreen><\/iframe><\/p>\n","protected":false},"excerpt":{"rendered":"<p>Die Braunschweiger Soultecniques &#8211; DJ Amigo, Bastian Minari &amp; Laocz &#8211; ver\u00f6ffentlichen eine neue Single samt Video. Acht Jahre lie\u00dfen<\/p>\n","protected":false},"author":1,"featured_media":0,"parent":27,"menu_order":0,"comment_status":"closed","ping_status":"closed","template":"","meta":{"footnotes":""},"class_list":["post-1014","page","type-page","status-publish","hentry","comments-off"],"_links":{"self":[{"href":"https:\/\/art4real.de\/wp\/wp-json\/wp\/v2\/pages\/1014","targetHints":{"allow":["GET"]}}],"collection":[{"href":"https:\/\/art4real.de\/wp\/wp-json\/wp\/v2\/pages"}],"about":[{"href":"https:\/\/art4real.de\/wp\/wp-json\/wp\/v2\/types\/page"}],"author":[{"embeddable":true,"href":"https:\/\/art4real.de\/wp\/wp-json\/wp\/v2\/users\/1"}],"replies":[{"embeddable":true,"href":"https:\/\/art4real.de\/wp\/wp-json\/wp\/v2\/comments?post=1014"}],"version-history":[{"count":3,"href":"https:\/\/art4real.de\/wp\/wp-json\/wp\/v2\/pages\/1014\/revisions"}],"predecessor-version":[{"id":1023,"href":"https:\/\/art4real.de\/wp\/wp-json\/wp\/v2\/pages\/1014\/revisions\/1023"}],"up":[{"embeddable":true,"href":"https:\/\/art4real.de\/wp\/wp-json\/wp\/v2\/pages\/27"}],"wp:attachment":[{"href":"https:\/\/art4real.de\/wp\/wp-json\/wp\/v2\/media?parent=1014"}],"curies":[{"name":"wp","href":"https:\/\/api.w.org\/{rel}","templated":true}]}}

<figure id="attachment_935" aria-describedby="caption-attachment-935" style="width: 150px" class="wp-caption alignleft"><a href="https://art4real.de/wp/wp-content/uploads/2017/07/la-carretera-cover-800.jpg"><img decoding="async" class="size-thumbnail wp-image-935" src="https://art4real.de/wp/wp-content/uploads/2017/07/la-carretera-cover-800-150x150.jpg" alt="" width="150" height="150" srcset="https://art4real.de/wp/wp-content/uploads/2017/07/la-carretera-cover-800-150x150.jpg 150w, https://art4real.de/wp/wp-content/uploads/2017/07/la-carretera-cover-800-300x300.jpg 300w, https://art4real.de/wp/wp-content/uploads/2017/07/la-carretera-cover-800-768x768.jpg 768w, https://art4real.de/wp/wp-content/uploads/2017/07/la-carretera-cover-800-100x100.jpg 100w, https://art4real.de/wp/wp-content/uploads/2017/07/la-carretera-cover-800.jpg 800w" sizes="(max-width: 150px) 100vw, 150px" /></a><figcaption id="caption-attachment-935" class="wp-caption-text">Soultecniques &#8211; &#8222;La Carretera&#8220; (2017)</figcaption></figure>
<p><strong>Die Braunschweiger Soultecniques &#8211; DJ Amigo, Bastian Minari &amp; Laocz &#8211; veröffentlichen eine neue Single samt Video. </strong></p>
<p>Acht Jahre ließen sich die Jungs Zeit, um wieder einen Song zu schreiben. In der Zwischenzeit entwickelte jeder seinen eigenen Klang, studierte verschiedene Musikstile oder experimentierte fernab der Öffentlichkeit mit den verschiedensten Klängen und Einflüssen. Eines Tages fand Laocz auf dem Sperrmüll ein Klavier, das nun mehr als 100 Jahre alt ist, schleppte es in seine Wohnung, ließ es stimmen und spielte die Grundlage des Songs  „La Carretera“ (Die Straße) ein.</p>
<p>Am Ende sind den Jungs Klicks, Probz und Fame relativ egal, denn bei La Careterra geht es vor allem und eines: Freiheit.</p>
<p><a href="http://www.art4real.de/a4r_shop" target="_blank" rel="noopener">&gt;&gt;&gt; Song und Instrumental als MP3 bestellen &lt;&lt;&lt;</a></p>
<hr />
<p><iframe width="910" height="512" src="https://www.youtube.com/embed/b9rujBhZvfk?feature=oembed" frameborder="0" allow="autoplay; encrypted-media" allowfullscreen></iframe></p>

<p>Die Braunschweiger Soultecniques &#8211; DJ Amigo, Bastian Minari &amp; Laocz &#8211; veröffentlichen eine neue Single samt Video. Acht Jahre ließen</p>
